r of 26 and y?
13
Let l be (-2116 - (47 + -31))*(1 - -1 - 5). What is the greatest common divisor of l and 13?
13
Let x be (-226)/6*(-23 + -4)/3. Suppose 16*m = 109 + x. Calculate the greatest common divisor of m and 154.
14
Let h be (-3030)/(-40) + 30/(-40). What is the greatest common factor of h and 765?
15
Suppose -7*j - 840 = -21*j. Let a = j + -42. What is the greatest common divisor of a and 30?
6
Let z(j) = j**3 - 27*j**2 + 2. Let w be z(27). Suppose 5*v + 3*m - 3693 = -906, 0 = -w*m + 8. Calculate the highest common divisor of 15 and v.
15
Suppose 2557*y - 2560*y = -3*b - 45363, -5*y = 5*b - 75595. What is the greatest common divisor of y and 80?
80
Let i be 2*((-27)/189 + (-6)/7). Let s(t) = 2*t + 12. Let u be s(i). What is the highest common factor of 664 and u?
8
Suppose -23*h + 51236 = 13012 - 7500. Calculate the greatest common divisor of h and 812.
28
Let h = 93 - 57. Suppose -47*t = -38*t + 1611. Let l = 185 + t. What is the greatest common divisor of l and h?
6
Suppose -7*n + 1980 = 2*h - 2*n, 4*n + 1980 = 2*h. Calculate the greatest common divisor of h and 132.
66
Suppose 0 = 40*q + 23*q - 21*q - 504. What is the greatest common factor of q and 42?
6
Let a be (((-84)/9)/(-14))/((-4)/(-78)). Suppose 11*j - 22 = -2*b + a*j, 3*j - 39 = -3*b. Suppose -y = -2 - 6. Calculate the highest common factor of y and b.
4
Suppose -16*o = -12*o - 80. Let n = 37 + o. Calculate the greatest common divisor of 95 and n.
19
Let f = 1283 + -1038. Let a be (-2)/(-5) - (-1946)/10. Let m = a + f. Calculate the greatest common factor of m and 55.
55
Let w be -18*5*16/(-6). Suppose 660 = 4*n - 5*a, -4*a - 498 + 162 = -2*n. Calculate the greatest common factor of w and n.
80
Suppose 3*x + 4*c + 84 = 7*x, 2*x - 60 = -4*c. Suppose -7*q = -4*q - 171. Let i = 141 - q. Calculate the highest common divisor of i and x.
12
Let x(r) = -4*r**2 - 37*r - 5. Let i be x(-7). Calculate the greatest common divisor of 319 and i.
29
Let u = -363 + 369. Let m(a) = 12*a + 21*a**2 - 14 - 2*a - 17*a**2. Let r be m(u). Calculate the highest common divisor of r and 10.
10
Let a = -54 + 68. Let f(l) = l**3 - 14*l**2 + 3*l + 33. Let o be f(a). Suppose -8*w + 9*w = 15. Calculate the highest common divisor of w and o.
15
Let f be -7 - 12/(-2) - 1236/(-1). What is the highest common factor of 130 and f?
65
Let i = -463 + 751. Suppose -y - 213 = -4*o, 0*y = -5*y + 15. What is the greatest common factor of o and i?
18
Suppose -5*t = c - 486, -4*t - c = 146 - 534. Calculate the highest common factor of t and 1274.
98
Let v(h) = 3*h**2 - 171*h + 1254. Let x be v(61). Calculate the greatest common divisor of 6 and x.
6
Let q = -29671 - -29672. Calculate the greatest common factor of q and 3639.
1
Suppose 6*a + 748 = 6256. What is the greatest common divisor of 34 and a?
34
Let i be -7 + 2985 + (-196)/14. What is the highest common factor of 26 and i?
26
Let y be (-1 - 2)/((-3)/(-15)). Let f be 6/18*-4*y/20. Let k = -33 - -46. Calculate the highest common divisor of k and f.
1
Let r(l) = 9*l**2 - 5*l - 5. Let f be r(-5). Suppose 4*q = 21*q. Suppose q = -4*j - 1433 + 1573. What is the highest common factor of j and f?
35
Suppose -15*u + 200 = -7*u. Let p = 17 + 2. Let s = u + p. What is the greatest common factor of 22 and s?
22
Let v be (14 - 2) + -5 - 2*1. Suppose -v*a = -a - 44. Let d be (4/2 - 432/40)*-5. What is the greatest common factor of d and a?
11
Let q = -14037 - -19490. What is the highest common divisor of q and 574?
287
Let i(c) = c**3 - 9*c**2 + 3*c + 26. Let m be i(7). Let r = m - -65. What is the greatest common divisor of r and 154?
14
Suppose 3*j - 5205 = -5*y, -56*y + 58*y = -8*j + 2048. What is the highest common factor of 126 and y?
18
Let i(a) = 2*a**3 + 6*a**2 - 11*a - 9. Let h be i(-4). Let w be (4 + -6)*-3*2/h. Calculate the greatest common factor of 76 and w.
4
Let s(u) = -407*u - 11128. Let l be s(-32). Calculate the greatest common divisor of l and 2607.
237
Let l(f) = -24*f**2 - 25 + 32*f**2 - 2*f**2 - f**2. Let a be l(8). What is the highest common factor of 59 and a?
59
Let d(f) = -234*f - 22. Let h be d(-3). Let r = h - 626. What is the greatest common factor of r and 918?
54
Let s be 11/55 - (1 + 3456/(-20)). Let d be (-777)/(-6) + 6/(-12). What is the highest common factor of d and s?
43
Suppose t - 4 = 0, 8*q + 16 = 10*q + 2*t. Suppose 8*f - 3*f = 0. Suppose f = 6*y + q*y - 400. Calculate the highest common divisor of y and 16.
8
Let q be (-6)/(((-83)/(-10209))/(2/6*-2)). Calculate the greatest common divisor of 1025 and q.
41
Let a(c) be the first derivative of -3*c**2 + 8*c - 1. Let m be a(8). Let d = -31 - m. Calculate the greatest common factor of 3 and d.
3
Let y = 22617 - 22543. Calculate the greatest common divisor of 276 and y.
2
Suppose -5*q + k + 465 = 0, -2*q - 470 = -7*q + 2*k. What is the greatest common factor of 7498 and q?
46
Let h(s) = -s**2 - 5*s**2 - 52*s + 2 + 53*s. Let y be h(-1). Let c = y + 157. Calculate the greatest common factor of c and 38.
38
Let x be (-1)/(-4*10/560). Suppose 14*i - 231 = 3*i. Calculate the greatest common divisor of x and i.
7
Let j be 1/4 - 4350/(-40). Suppose 11*n = -j - 1. Let h(z) = 4*z**2 + 15*z + 14. Let g be h(n). Calculate the highest common factor of g and 24.
24
Let f = 114 + -66. Suppose 20 + 36 = q - 2*g, -4*q + g = -210. Let r = q - f. What is the greatest common divisor of r and 28?
4
Let i(c) = 17*c - 225. Let n(x) = -17*x + 227. Let g(w) = -6*i(w) - 7*n(w). Let j be g(15). Calculate the highest common divisor of j and 136.
8
Suppose -o + u + 1841 = 0, -3692 = 21*o - 23*o + 4*u. What is the highest common divisor of o and 864?
108
Suppose 7*s + 2152 = -9*s - 15*s + 2865. Let t = 86 - 153. Let q = t + 228. Calculate the highest common factor of s and q.
23
Let n = 103 - 99. Suppose 0 = t + m + 1 - 12, 0 = n*t + 5*m - 45. Let w be ((-96)/(-10) + 4)*t/4. Calculate the greatest common factor of 85 and w.
17
Suppose -17*z - 7*z + 1785 = 61*z. Let v be ((-94)/(-8))/((-3)/(-252)). What is the greatest common divisor of z and v?
21
Suppose 2*m = 185 - 45. Suppose 20*l - 14*l = -2*n + 4006, -2*l + 14*n + 1218 = 0. Calculate the greatest common factor of m and l.
35
Suppose 2*k - 9 = -h, 2*k + 4 = 5*h - 5. Let d be (-245)/(-15) - 4/h. What is the greatest common divisor of 465 and d?
15
Let f(y) = -y**2 + 5*y + 23. Let d be f(7). Suppose 0*q + d*q = 567. What is the highest common factor of 14 and q?
7
Let l = -126 + 940. Let n = 288 + l. What is the greatest common factor of n and 19?
19
Let f be (1 - 0)*240/80. Calculate the highest common factor of f and 2.
1
Let z = 41 + -36. Let b be -4 + 5*(5 + (z - 9)). What is the highest common factor of 8 and b?
1
Suppose 190 = o + 4*b, -o - 2*b + 620 = 2*o. Suppose -162 = 4*v - o. What is the highest common divisor of v and 12?
12
Suppose 3*k + 10 = -14. Let w = -3 - k. Let q be 122/w + 32/(-80). What is the highest common divisor of 8 and q?
8
Suppose 0 = -3*y + 137 - 35. Suppose -162*r + 6029 = -2233. Calculate the greatest common factor of r and y.
17
Let g = 123 - 119. Let k be -5*(-4)/(-6)*(-48)/32. Calculate the greatest common factor of k and g.
1
Suppose 6*s - 51 + 15 = 0. Let h be (-12)/(42/(-7))*51/s. Calculate the highest common factor of 68 and h.
17
Let t be (-6 - -6)/(2/2). Suppose 4*b - 2*g - 112 = t, b + g - 21 = 7. Let v(q) = -7*q + 43. Let d be v(5). Calculate the highest common divisor of b and d.
4
Suppose 22 = 4*f + 2*p - p, -4*p + 4 = 2*f. Let r be 12/(-10)*30/(-4). Calculate the greatest common divisor of r and f.
3
Suppose -62*z + 67*z = 2*c - 3973, 4*z - 4 = 0. Calculate the greatest common factor of c and 52.
13
Let d(k) = -k**2 + 23*k - 15. Let f be d(5). Suppose 0 = -4*j + 5*x + 234, -5*j - 4*x - f = -347. What is the greatest common factor of 8 and j?
8
Suppose -4*a = -s + 95 + 106, 3*a = -s + 180. What is the highest common factor of 2 and s?
1
Suppose 843 = 58*n - 403 - 261 - 233. Let q(b) = -27*b + 5. Let m be q(4). Let i = m - -153. Calculate the greatest common factor of i and n.
10
Suppose 0*b = -4*b + 2052. Let c(u) = 20*u - 283. Let p be c(17). What is the greatest common divisor of p and b?
57
Let v be (-784)/(-48) + -12 + (1 - 4/3). Let d = -16 - -17. What is the greatest common factor of v and d?
1
Suppose 0 = -